{"id":59,"date":"2019-05-17T18:21:20","date_gmt":"2019-05-17T16:21:20","guid":{"rendered":"http:\/\/aubonheurdesdamesbarbizon.com\/?page_id=59"},"modified":"2019-12-12T12:16:02","modified_gmt":"2019-12-12T11:16:02","slug":"nos-prestations","status":"publish","type":"page","link":"http:\/\/aubonheurdesdamesbarbizon.com\/index.php\/nos-prestations\/","title":{"rendered":"Nos Prestations"},"content":{"rendered":"\n<figure class=\"wp-block-image alignwide\"><img loading=\"lazy\" width=\"1024\" height=\"280\" src=\"http:\/\/aubonheurdesdamesbarbizon.com\/wp-content\/uploads\/2019\/11\/Banie\u0300re-1024x280.png\" alt=\"\" class=\"wp-image-81\" srcset=\"http:\/\/aubonheurdesdamesbarbizon.com\/wp-content\/uploads\/2019\/11\/Banie\u0300re-1024x280.png 1024w, http:\/\/aubonheurdesdamesbarbizon.com\/wp-content\/uploads\/2019\/11\/Banie\u0300re-300x82.png 300w, http:\/\/aubonheurdesdamesbarbizon.com\/wp-content\/uploads\/2019\/11\/Banie\u0300re-768x210.png 768w, http:\/\/aubonheurdesdamesbarbizon.com\/wp-content\/uploads\/2019\/11\/Banie\u0300re.png 1772w\" sizes=\"(max-width: 1024px) 100vw, 1024px\" \/><\/figure>\n\n\n\n<h3>Nous r\u00e9alisons des cr\u00e9ations et des am\u00e9nagements de jardin qui vous correspondent.<\/h3>\n\n\n\n<ul><li>Tous les styles de jardin (Contemporain\/M\u00e9diterran\u00e9en\/Exotique\/Anglais\/&#8230;).<\/li><li>Des propositions en fonction de vos go\u00fbts, des tendances actuelles et l&#8217;environnement de votre jardin.<\/li><li>Nous vous proposons de visualiser les v\u00e9g\u00e9taux que vous choisirez sur grand \u00e9cran.<\/li><\/ul>\n\n\n\n<h3>Nous mettons \u00e0 votre disposition une p\u00e9pini\u00e8re d&#8217;exception.<\/h3>\n\n\n\n<ul><li>Made In France\/Europe.<\/li><li>Des arbres d&#8217;exception et de taille adulte.<\/li><\/ul>\n\n\n\n<h3>Nous serons enchant\u00e9s de participer \u00e0 votre projet.<\/h3>\n\n\n\n<h3><center>N&#8217;h\u00e9sitez pas \u00e0 venir nous rencontrer dans notre showroom consacr\u00e9 \u00e0 la d\u00e9coration int\u00e9rieur\/ext\u00e9rieur.<\/center><\/h3>\n","protected":false},"excerpt":{"rendered":"<p>Nous r\u00e9alisons des cr\u00e9ations et des am\u00e9nagements de jardin qui vous correspondent. Tous les styles de jardin (Contemporain\/M\u00e9diterran\u00e9en\/Exotique\/Anglais\/&#8230;). Des propositions en fonction de vos go\u00fbts, des tendances actuelles et l&#8217;environnement de votre jardin. Nous vous&hellip;<\/p>\n","protected":false},"author":1,"featured_media":0,"parent":0,"menu_order":0,"comment_status":"closed","ping_status":"closed","template":"","meta":[],"yoast_head":"<!-- This site is optimized with the Yoast SEO plugin v19.13 - https:\/\/yoast.com\/wordpress\/plugins\/seo\/ -->\n<title>Nos Prestations - Au bonheur des dames<\/title>\n<meta name=\"robots\" content=\"index, follow, max-snippet:-1, max-image-preview:large, max-video-preview:-1\" \/>\n<link rel=\"canonical\" href=\"http:\/\/aubonheurdesdamesbarbizon.com\/index.php\/nos-prestations\/\" \/>\n<meta property=\"og:locale\" content=\"en_US\" \/>\n<meta property=\"og:type\" content=\"article\" \/>\n<meta property=\"og:title\" content=\"Nos Prestations - Au bonheur des dames\" \/>\n<meta property=\"og:description\" content=\"Nous r\u00e9alisons des cr\u00e9ations et des am\u00e9nagements de jardin qui vous correspondent. Tous les styles de jardin (Contemporain\/M\u00e9diterran\u00e9en\/Exotique\/Anglais\/&#8230;). Des propositions en fonction de vos go\u00fbts, des tendances actuelles et l&#8217;environnement de votre jardin. Nous vous&hellip;\" \/>\n<meta property=\"og:url\" content=\"http:\/\/aubonheurdesdamesbarbizon.com\/index.php\/nos-prestations\/\" \/>\n<meta property=\"og:site_name\" content=\"Au bonheur des dames\" \/>\n<meta property=\"article:modified_time\" content=\"2019-12-12T11:16:02+00:00\" \/>\n<meta name=\"twitter:card\" content=\"summary_large_image\" \/>\n<meta name=\"twitter:label1\" content=\"Est. reading time\" \/>\n\t<meta name=\"twitter:data1\" content=\"1 minute\" \/>\n<script type=\"application\/ld+json\" class=\"yoast-schema-graph\">{\"@context\":\"https:\/\/schema.org\",\"@graph\":[{\"@type\":\"WebPage\",\"@id\":\"http:\/\/aubonheurdesdamesbarbizon.com\/index.php\/nos-prestations\/\",\"url\":\"http:\/\/aubonheurdesdamesbarbizon.com\/index.php\/nos-prestations\/\",\"name\":\"Nos Prestations - Au bonheur des dames\",\"isPartOf\":{\"@id\":\"https:\/\/aubonheurdesdamesbarbizon.com\/#website\"},\"datePublished\":\"2019-05-17T16:21:20+00:00\",\"dateModified\":\"2019-12-12T11:16:02+00:00\",\"breadcrumb\":{\"@id\":\"http:\/\/aubonheurdesdamesbarbizon.com\/index.php\/nos-prestations\/#breadcrumb\"},\"inLanguage\":\"en-US\",\"potentialAction\":[{\"@type\":\"ReadAction\",\"target\":[\"http:\/\/aubonheurdesdamesbarbizon.com\/index.php\/nos-prestations\/\"]}]},{\"@type\":\"BreadcrumbList\",\"@id\":\"http:\/\/aubonheurdesdamesbarbizon.com\/index.php\/nos-prestations\/#breadcrumb\",\"itemListElement\":[{\"@type\":\"ListItem\",\"position\":1,\"name\":\"Accueil\",\"item\":\"https:\/\/aubonheurdesdamesbarbizon.com\/\"},{\"@type\":\"ListItem\",\"position\":2,\"name\":\"Nos Prestations\"}]},{\"@type\":\"WebSite\",\"@id\":\"https:\/\/aubonheurdesdamesbarbizon.com\/#website\",\"url\":\"https:\/\/aubonheurdesdamesbarbizon.com\/\",\"name\":\"Au bonheur des dames\",\"description\":\"\",\"publisher\":{\"@id\":\"https:\/\/aubonheurdesdamesbarbizon.com\/#organization\"},\"potentialAction\":[{\"@type\":\"SearchAction\",\"target\":{\"@type\":\"EntryPoint\",\"urlTemplate\":\"https:\/\/aubonheurdesdamesbarbizon.com\/?s={search_term_string}\"},\"query-input\":\"required name=search_term_string\"}],\"inLanguage\":\"en-US\"},{\"@type\":\"Organization\",\"@id\":\"https:\/\/aubonheurdesdamesbarbizon.com\/#organization\",\"name\":\"Au bonheur des dames\",\"url\":\"https:\/\/aubonheurdesdamesbarbizon.com\/\",\"logo\":{\"@type\":\"ImageObject\",\"inLanguage\":\"en-US\",\"@id\":\"https:\/\/aubonheurdesdamesbarbizon.com\/#\/schema\/logo\/image\/\",\"url\":\"http:\/\/aubonheurdesdamesbarbizon.com\/wp-content\/uploads\/2019\/04\/cropped-Capture-d\u2019e\u0301cran-2019-04-11-a\u0300-15.50.55-e1554991208554-1.png\",\"contentUrl\":\"http:\/\/aubonheurdesdamesbarbizon.com\/wp-content\/uploads\/2019\/04\/cropped-Capture-d\u2019e\u0301cran-2019-04-11-a\u0300-15.50.55-e1554991208554-1.png\",\"width\":150,\"height\":150,\"caption\":\"Au bonheur des dames\"},\"image\":{\"@id\":\"https:\/\/aubonheurdesdamesbarbizon.com\/#\/schema\/logo\/image\/\"}}]}<\/script>\n<!-- \/ Yoast SEO plugin. -->","yoast_head_json":{"title":"Nos Prestations - Au bonheur des dames","robots":{"index":"index","follow":"follow","max-snippet":"max-snippet:-1","max-image-preview":"max-image-preview:large","max-video-preview":"max-video-preview:-1"},"canonical":"http:\/\/aubonheurdesdamesbarbizon.com\/index.php\/nos-prestations\/","og_locale":"en_US","og_type":"article","og_title":"Nos Prestations - Au bonheur des dames","og_description":"Nous r\u00e9alisons des cr\u00e9ations et des am\u00e9nagements de jardin qui vous correspondent. Tous les styles de jardin (Contemporain\/M\u00e9diterran\u00e9en\/Exotique\/Anglais\/&#8230;). Des propositions en fonction de vos go\u00fbts, des tendances actuelles et l&#8217;environnement de votre jardin. Nous vous&hellip;","og_url":"http:\/\/aubonheurdesdamesbarbizon.com\/index.php\/nos-prestations\/","og_site_name":"Au bonheur des dames","article_modified_time":"2019-12-12T11:16:02+00:00","twitter_card":"summary_large_image","twitter_misc":{"Est. reading time":"1 minute"},"schema":{"@context":"https:\/\/schema.org","@graph":[{"@type":"WebPage","@id":"http:\/\/aubonheurdesdamesbarbizon.com\/index.php\/nos-prestations\/","url":"http:\/\/aubonheurdesdamesbarbizon.com\/index.php\/nos-prestations\/","name":"Nos Prestations - Au bonheur des dames","isPartOf":{"@id":"https:\/\/aubonheurdesdamesbarbizon.com\/#website"},"datePublished":"2019-05-17T16:21:20+00:00","dateModified":"2019-12-12T11:16:02+00:00","breadcrumb":{"@id":"http:\/\/aubonheurdesdamesbarbizon.com\/index.php\/nos-prestations\/#breadcrumb"},"inLanguage":"en-US","potentialAction":[{"@type":"ReadAction","target":["http:\/\/aubonheurdesdamesbarbizon.com\/index.php\/nos-prestations\/"]}]},{"@type":"BreadcrumbList","@id":"http:\/\/aubonheurdesdamesbarbizon.com\/index.php\/nos-prestations\/#breadcrumb","itemListElement":[{"@type":"ListItem","position":1,"name":"Accueil","item":"https:\/\/aubonheurdesdamesbarbizon.com\/"},{"@type":"ListItem","position":2,"name":"Nos Prestations"}]},{"@type":"WebSite","@id":"https:\/\/aubonheurdesdamesbarbizon.com\/#website","url":"https:\/\/aubonheurdesdamesbarbizon.com\/","name":"Au bonheur des dames","description":"","publisher":{"@id":"https:\/\/aubonheurdesdamesbarbizon.com\/#organization"},"potentialAction":[{"@type":"SearchAction","target":{"@type":"EntryPoint","urlTemplate":"https:\/\/aubonheurdesdamesbarbizon.com\/?s={search_term_string}"},"query-input":"required name=search_term_string"}],"inLanguage":"en-US"},{"@type":"Organization","@id":"https:\/\/aubonheurdesdamesbarbizon.com\/#organization","name":"Au bonheur des dames","url":"https:\/\/aubonheurdesdamesbarbizon.com\/","logo":{"@type":"ImageObject","inLanguage":"en-US","@id":"https:\/\/aubonheurdesdamesbarbizon.com\/#\/schema\/logo\/image\/","url":"http:\/\/aubonheurdesdamesbarbizon.com\/wp-content\/uploads\/2019\/04\/cropped-Capture-d\u2019e\u0301cran-2019-04-11-a\u0300-15.50.55-e1554991208554-1.png","contentUrl":"http:\/\/aubonheurdesdamesbarbizon.com\/wp-content\/uploads\/2019\/04\/cropped-Capture-d\u2019e\u0301cran-2019-04-11-a\u0300-15.50.55-e1554991208554-1.png","width":150,"height":150,"caption":"Au bonheur des dames"},"image":{"@id":"https:\/\/aubonheurdesdamesbarbizon.com\/#\/schema\/logo\/image\/"}}]}},"_links":{"self":[{"href":"http:\/\/aubonheurdesdamesbarbizon.com\/index.php\/wp-json\/wp\/v2\/pages\/59"}],"collection":[{"href":"http:\/\/aubonheurdesdamesbarbizon.com\/index.php\/wp-json\/wp\/v2\/pages"}],"about":[{"href":"http:\/\/aubonheurdesdamesbarbizon.com\/index.php\/wp-json\/wp\/v2\/types\/page"}],"author":[{"embeddable":true,"href":"http:\/\/aubonheurdesdamesbarbizon.com\/index.php\/wp-json\/wp\/v2\/users\/1"}],"replies":[{"embeddable":true,"href":"http:\/\/aubonheurdesdamesbarbizon.com\/index.php\/wp-json\/wp\/v2\/comments?post=59"}],"version-history":[{"count":11,"href":"http:\/\/aubonheurdesdamesbarbizon.com\/index.php\/wp-json\/wp\/v2\/pages\/59\/revisions"}],"predecessor-version":[{"id":95,"href":"http:\/\/aubonheurdesdamesbarbizon.com\/index.php\/wp-json\/wp\/v2\/pages\/59\/revisions\/95"}],"wp:attachment":[{"href":"http:\/\/aubonheurdesdamesbarbizon.com\/index.php\/wp-json\/wp\/v2\/media?parent=59"}],"curies":[{"name":"wp","href":"https:\/\/api.w.org\/{rel}","templated":true}]}}